{"id":528,"date":"2016-03-07T22:03:58","date_gmt":"2016-03-07T21:03:58","guid":{"rendered":"http:\/\/olg-siegerland.de\/wordpress\/?page_id=528"},"modified":"2016-03-07T22:03:58","modified_gmt":"2016-03-07T21:03:58","slug":"uebernachtung","status":"publish","type":"page","link":"https:\/\/olg-siegerland.de\/wordpress\/?page_id=528","title":{"rendered":"\u00dcbernachtung"},"content":{"rendered":"<p>Es besteht die M\u00f6glichkeit in der Turnhalle in Fellinghausen f\u00fcr 3\u20ac pro Person zu \u00fcbernachten. Bitte \u00dcbernachtungen mit der Anmeldung buchen.<\/p>\n","protected":false},"excerpt":{"rendered":"<p>Es besteht die M\u00f6glichkeit in der Turnhalle in Fellinghausen f\u00fcr 3\u20ac pro Person zu \u00fcbernachten. Bitte \u00dcbernachtungen mit der Anmeldung buchen.<\/p>\n","protected":false},"author":1,"featured_media":0,"parent":0,"menu_order":0,"comment_status":"closed","ping_status":"closed","template":"","meta":{"footnotes":"","_links_to":"","_links_to_target":""},"class_list":["post-528","page","type-page","status-publish","hentry"],"_links":{"self":[{"href":"https:\/\/olg-siegerland.de\/wordpress\/index.php?rest_route=\/wp\/v2\/pages\/528","targetHints":{"allow":["GET"]}}],"collection":[{"href":"https:\/\/olg-siegerland.de\/wordpress\/index.php?rest_route=\/wp\/v2\/pages"}],"about":[{"href":"https:\/\/olg-siegerland.de\/wordpress\/index.php?rest_route=\/wp\/v2\/types\/page"}],"author":[{"embeddable":true,"href":"https:\/\/olg-siegerland.de\/wordpress\/index.php?rest_route=\/wp\/v2\/users\/1"}],"replies":[{"embeddable":true,"href":"https:\/\/olg-siegerland.de\/wordpress\/index.php?rest_route=%2Fwp%2Fv2%2Fcomments&post=528"}],"version-history":[{"count":1,"href":"https:\/\/olg-siegerland.de\/wordpress\/index.php?rest_route=\/wp\/v2\/pages\/528\/revisions"}],"predecessor-version":[{"id":529,"href":"https:\/\/olg-siegerland.de\/wordpress\/index.php?rest_route=\/wp\/v2\/pages\/528\/revisions\/529"}],"wp:attachment":[{"href":"https:\/\/olg-siegerland.de\/wordpress\/index.php?rest_route=%2Fwp%2Fv2%2Fmedia&parent=528"}],"curies":[{"name":"wp","href":"https:\/\/api.w.org\/{rel}","templated":true}]}}